{"id":179,"date":"2020-10-01T11:36:31","date_gmt":"2020-10-01T09:36:31","guid":{"rendered":"https:\/\/boligalarm.as\/?page_id=179"},"modified":"2021-05-18T11:36:27","modified_gmt":"2021-05-18T09:36:27","slug":"utvendig-videokamera","status":"publish","type":"page","link":"https:\/\/boligalarm.as\/index.php\/utvendig-videokamera\/","title":{"rendered":"Utvendig videokamera"},"content":{"rendered":"<div class=\"flex_column av_one_half  flex_column_div av-zero-column-padding first  avia-builder-el-0  el_before_av_one_half  avia-builder-el-first  \" style='border-radius:0px; '><div  class='avia-image-container  av-styling-    avia-builder-el-1  avia-builder-el-no-sibling  avia-align-center '  itemprop=\"image\" itemscope=\"itemscope\" itemtype=\"https:\/\/schema.org\/ImageObject\"  ><div class='avia-image-container-inner'><div class='avia-image-overlay-wrap'><img class='avia_image' src='https:\/\/boligalarm.as\/wp-content\/uploads\/2020\/10\/Utvendig-kamera-i-regn.jpg' alt='Vanntette regntette sikkerhetskamera' title='Utvendig kamera i regn' height=\"492\" width=\"625\"  itemprop=\"thumbnailUrl\"  \/><\/div><\/div><\/div><\/div>\n<div class=\"flex_column av_one_half  flex_column_div av-zero-column-padding   avia-builder-el-2  el_after_av_one_half  el_before_av_one_fourth  \" style='border-radius:0px; '><div  class='avia-image-container  av-styling-    avia-builder-el-3  avia-builder-el-no-sibling  avia-align-center '  itemprop=\"image\" itemscope=\"itemscope\" itemtype=\"https:\/\/schema.org\/ImageObject\"  ><div class='avia-image-container-inner'><div class='avia-image-overlay-wrap'><img class='avia_image' src='https:\/\/boligalarm.as\/wp-content\/uploads\/2020\/10\/Mobil-app-dame.jpg' alt='Sjekk kamera fra mobil app' title='Mobil app dame' height=\"492\" width=\"625\"  itemprop=\"thumbnailUrl\"  \/><\/div><\/div><\/div><\/div>\n<div class=\"flex_column av_one_fourth  flex_column_div av-zero-column-padding first  avia-builder-el-4  el_after_av_one_half  el_before_av_one_half  column-top-margin\" style='border-radius:0px; '><\/div><div class=\"flex_column av_one_half  flex_column_div av-zero-column-padding   avia-builder-el-5  el_after_av_one_fourth  el_before_av_one_fourth  column-top-margin\" style='border-radius:0px; '><section class=\"av_textblock_section \"  itemscope=\"itemscope\" itemtype=\"https:\/\/schema.org\/CreativeWork\" ><div class='avia_textblock  '   itemprop=\"text\" ><h1>Utvendig videokamera<\/h1>\n<p>GuardVision utend\u00f8rs videokamera: \u00d8k sikkerheten til hjemmet eller virksomheten din med GuardVision utend\u00f8rs overv\u00e5kingskamera. Monter p\u00e5 veranda, i hage og mot d\u00f8rer for \u00e5 oppdage inntrengere. Kameraet tar opp n\u00e5r det oppdager bevegelse.<\/p>\n<\/div><\/section><\/div><div class=\"flex_column av_one_fourth  flex_column_div av-zero-column-padding   avia-builder-el-7  el_after_av_one_half  el_before_av_one_half  column-top-margin\" style='border-radius:0px; '><\/div><div class=\"flex_column av_one_half  flex_column_div av-zero-column-padding first  avia-builder-el-8  el_after_av_one_fourth  el_before_av_one_half  column-top-margin\" style='border-radius:0px; '><section class=\"av_textblock_section \"  itemscope=\"itemscope\" itemtype=\"https:\/\/schema.org\/CreativeWork\" ><div class='avia_textblock  av_inherit_color '  style='color:#b02b2c; '  itemprop=\"text\" ><h2><strong>Utend\u00f8rs IP videokamera<\/strong><\/h2>\n<ul>\n<li>Direkteoverf\u00f8rt video og opptak av hendelser<\/li>\n<li>Sylskarp HD kvalitet og IR nattsyn<\/li>\n<li>Sikker skylagring og 3 dagers historikk<\/li>\n<li>Tilknyttet d\u00f8gn\u00e5pen alarmstasjon<\/li>\n<li>Verisure f\u00e5r kun tilgang til video ved utl\u00f8st alarm<\/li>\n<li>Bevegelsesensor som styres via app<\/li>\n<li>V\u00e6rbestandig mot vind, regn, sn\u00f8 og st\u00f8v<\/li>\n<li>130 grader vidvinkel linse med varmelement<\/li>\n<\/ul>\n<\/div><\/section><\/div><\/p>\n<div class=\"flex_column av_one_half  flex_column_div av-zero-column-padding   avia-builder-el-10  el_after_av_one_half  avia-builder-el-last  column-top-margin\" style='border-radius:0px; '><div  class='avia-image-container  av-styling-    avia-builder-el-11  avia-builder-el-no-sibling  avia-align-center '  itemprop=\"image\" itemscope=\"itemscope\" itemtype=\"https:\/\/schema.org\/ImageObject\"  ><div class='avia-image-container-inner'><div class='avia-image-overlay-wrap'><img class='avia_image' src='https:\/\/boligalarm.as\/wp-content\/uploads\/2020\/10\/Outlook-1xfwulbm-300x236.png' alt='Utvendig videokamera' title='Outlook-1xfwulbm' height=\"236\" width=\"300\"  itemprop=\"thumbnailUrl\"  \/><\/div><\/div><\/div><\/div>\n","protected":false},"excerpt":{"rendered":"","protected":false},"author":1,"featured_media":0,"parent":0,"menu_order":0,"comment_status":"closed","ping_status":"closed","template":"","meta":[],"yoast_head":"<!-- This site is optimized with the Yoast SEO plugin v17.1 - https:\/\/yoast.com\/wordpress\/plugins\/seo\/ -->\n<title>Utvending videokamera \u2013 Overv\u00e5k hus &amp; tomt med IP kamera \u2013 Boligalarm<\/title>\n<meta name=\"description\" content=\"GuardVision IP videokamera fra Boligalarm s\u00f8rger for \u00f8kt sikkerhet p\u00e5 hus og tomt. Ha full oversikt over dine eiendeler rett fra mobilen. Boligalarm kan utvending videokamera\" \/>\n<meta name=\"robots\" content=\"index, follow, max-snippet:-1, max-image-preview:large, max-video-preview:-1\" \/>\n<link rel=\"canonical\" href=\"https:\/\/boligalarm.as\/index.php\/utvendig-videokamera\/\" \/>\n<script type=\"application\/ld+json\" class=\"yoast-schema-graph\">{\"@context\":\"https:\/\/schema.org\",\"@graph\":[{\"@type\":\"Organization\",\"@id\":\"https:\/\/boligalarm.as\/#organization\",\"name\":\"Boligalarm AS\",\"url\":\"https:\/\/boligalarm.as\/\",\"sameAs\":[],\"logo\":{\"@type\":\"ImageObject\",\"@id\":\"https:\/\/boligalarm.as\/#logo\",\"inLanguage\":\"nb-NO\",\"url\":\"https:\/\/boligalarm.as\/wp-content\/uploads\/2020\/06\/boligalarm.png\",\"contentUrl\":\"https:\/\/boligalarm.as\/wp-content\/uploads\/2020\/06\/boligalarm.png\",\"width\":863,\"height\":132,\"caption\":\"Boligalarm AS\"},\"image\":{\"@id\":\"https:\/\/boligalarm.as\/#logo\"}},{\"@type\":\"WebSite\",\"@id\":\"https:\/\/boligalarm.as\/#website\",\"url\":\"https:\/\/boligalarm.as\/\",\"name\":\"Boligalarm\",\"description\":\"Bolig og bedriftsalarmanlegg fra Verisure\",\"publisher\":{\"@id\":\"https:\/\/boligalarm.as\/#organization\"},\"potentialAction\":[{\"@type\":\"SearchAction\",\"target\":{\"@type\":\"EntryPoint\",\"urlTemplate\":\"https:\/\/boligalarm.as\/?s={search_term_string}\"},\"query-input\":\"required name=search_term_string\"}],\"inLanguage\":\"nb-NO\"},{\"@type\":\"WebPage\",\"@id\":\"https:\/\/boligalarm.as\/index.php\/utvendig-videokamera\/#webpage\",\"url\":\"https:\/\/boligalarm.as\/index.php\/utvendig-videokamera\/\",\"name\":\"Utvending videokamera \\u2013 Overv\\u00e5k hus & tomt med IP kamera \\u2013 Boligalarm\",\"isPartOf\":{\"@id\":\"https:\/\/boligalarm.as\/#website\"},\"datePublished\":\"2020-10-01T09:36:31+00:00\",\"dateModified\":\"2021-05-18T09:36:27+00:00\",\"description\":\"GuardVision IP videokamera fra Boligalarm s\\u00f8rger for \\u00f8kt sikkerhet p\\u00e5 hus og tomt. Ha full oversikt over dine eiendeler rett fra mobilen. Boligalarm kan utvending videokamera\",\"breadcrumb\":{\"@id\":\"https:\/\/boligalarm.as\/index.php\/utvendig-videokamera\/#breadcrumb\"},\"inLanguage\":\"nb-NO\",\"potentialAction\":[{\"@type\":\"ReadAction\",\"target\":[\"https:\/\/boligalarm.as\/index.php\/utvendig-videokamera\/\"]}]},{\"@type\":\"BreadcrumbList\",\"@id\":\"https:\/\/boligalarm.as\/index.php\/utvendig-videokamera\/#breadcrumb\",\"itemListElement\":[{\"@type\":\"ListItem\",\"position\":1,\"name\":\"Hjem\",\"item\":\"https:\/\/boligalarm.as\/\"},{\"@type\":\"ListItem\",\"position\":2,\"name\":\"Utvendig videokamera\"}]}]}<\/script>\n<!-- \/ Yoast SEO plugin. -->","yoast_head_json":{"title":"Utvending videokamera \u2013 Overv\u00e5k hus & tomt med IP kamera \u2013 Boligalarm","description":"GuardVision IP videokamera fra Boligalarm s\u00f8rger for \u00f8kt sikkerhet p\u00e5 hus og tomt. Ha full oversikt over dine eiendeler rett fra mobilen. Boligalarm kan utvending videokamera","robots":{"index":"index","follow":"follow","max-snippet":"max-snippet:-1","max-image-preview":"max-image-preview:large","max-video-preview":"max-video-preview:-1"},"canonical":"https:\/\/boligalarm.as\/index.php\/utvendig-videokamera\/","schema":{"@context":"https:\/\/schema.org","@graph":[{"@type":"Organization","@id":"https:\/\/boligalarm.as\/#organization","name":"Boligalarm AS","url":"https:\/\/boligalarm.as\/","sameAs":[],"logo":{"@type":"ImageObject","@id":"https:\/\/boligalarm.as\/#logo","inLanguage":"nb-NO","url":"https:\/\/boligalarm.as\/wp-content\/uploads\/2020\/06\/boligalarm.png","contentUrl":"https:\/\/boligalarm.as\/wp-content\/uploads\/2020\/06\/boligalarm.png","width":863,"height":132,"caption":"Boligalarm AS"},"image":{"@id":"https:\/\/boligalarm.as\/#logo"}},{"@type":"WebSite","@id":"https:\/\/boligalarm.as\/#website","url":"https:\/\/boligalarm.as\/","name":"Boligalarm","description":"Bolig og bedriftsalarmanlegg fra Verisure","publisher":{"@id":"https:\/\/boligalarm.as\/#organization"},"potentialAction":[{"@type":"SearchAction","target":{"@type":"EntryPoint","urlTemplate":"https:\/\/boligalarm.as\/?s={search_term_string}"},"query-input":"required name=search_term_string"}],"inLanguage":"nb-NO"},{"@type":"WebPage","@id":"https:\/\/boligalarm.as\/index.php\/utvendig-videokamera\/#webpage","url":"https:\/\/boligalarm.as\/index.php\/utvendig-videokamera\/","name":"Utvending videokamera \u2013 Overv\u00e5k hus & tomt med IP kamera \u2013 Boligalarm","isPartOf":{"@id":"https:\/\/boligalarm.as\/#website"},"datePublished":"2020-10-01T09:36:31+00:00","dateModified":"2021-05-18T09:36:27+00:00","description":"GuardVision IP videokamera fra Boligalarm s\u00f8rger for \u00f8kt sikkerhet p\u00e5 hus og tomt. Ha full oversikt over dine eiendeler rett fra mobilen. Boligalarm kan utvending videokamera","breadcrumb":{"@id":"https:\/\/boligalarm.as\/index.php\/utvendig-videokamera\/#breadcrumb"},"inLanguage":"nb-NO","potentialAction":[{"@type":"ReadAction","target":["https:\/\/boligalarm.as\/index.php\/utvendig-videokamera\/"]}]},{"@type":"BreadcrumbList","@id":"https:\/\/boligalarm.as\/index.php\/utvendig-videokamera\/#breadcrumb","itemListElement":[{"@type":"ListItem","position":1,"name":"Hjem","item":"https:\/\/boligalarm.as\/"},{"@type":"ListItem","position":2,"name":"Utvendig videokamera"}]}]}},"_links":{"self":[{"href":"https:\/\/boligalarm.as\/index.php\/wp-json\/wp\/v2\/pages\/179"}],"collection":[{"href":"https:\/\/boligalarm.as\/index.php\/wp-json\/wp\/v2\/pages"}],"about":[{"href":"https:\/\/boligalarm.as\/index.php\/wp-json\/wp\/v2\/types\/page"}],"author":[{"embeddable":true,"href":"https:\/\/boligalarm.as\/index.php\/wp-json\/wp\/v2\/users\/1"}],"replies":[{"embeddable":true,"href":"https:\/\/boligalarm.as\/index.php\/wp-json\/wp\/v2\/comments?post=179"}],"version-history":[{"count":5,"href":"https:\/\/boligalarm.as\/index.php\/wp-json\/wp\/v2\/pages\/179\/revisions"}],"predecessor-version":[{"id":239,"href":"https:\/\/boligalarm.as\/index.php\/wp-json\/wp\/v2\/pages\/179\/revisions\/239"}],"wp:attachment":[{"href":"https:\/\/boligalarm.as\/index.php\/wp-json\/wp\/v2\/media?parent=179"}],"curies":[{"name":"wp","href":"https:\/\/api.w.org\/{rel}","templated":true}]}}